33 a factor of 668?
False
Is 1643 a multiple of 31?
True
Is 13 a factor of 171?
False
Is 24 a multiple of 8?
True
Does 16 divide 4688?
True
Does 28 divide 588?
True
Is 77 a factor of 18711?
True
Does 40 divide 7943?
False
Does 22 divide 52536?
True
Is 618 a multiple of 3?
True
Is 58 a factor of 3888?
False
Is 135 a factor of 21195?
True
Is 2223 a multiple of 9?
True
Does 115 divide 62201?
False
Is 1342 a multiple of 13?
False
Is 5 a factor of 142?
False
Does 7 divide 581?
True
Does 14 divide 1305?
False
Is 1980 a multiple of 20?
True
Does 7 divide 282?
False
Is 30 a factor of 1116?
False
Is 14884 a multiple of 244?
True
Does 10 divide 4520?
True
Is 25 a factor of 221?
False
Is 474 a multiple of 10?
False
Is 756 a multiple of 36?
True
Does 32 divide 31456?
True
Is 52 a factor of 832?
True
Is 28 a factor of 862?
False
Is 145 a factor of 109707?
False
Is 21 a factor of 1827?
True
Is 68 a factor of 23596?
True
Is 9 a factor of 747?
True
Is 10 a factor of 52?
False
Is 97 a factor of 184?
False
Is 3144 a multiple of 8?
True
Is 62 a factor of 544?
False
Is 36 a factor of 144?
True
Is 329 a multiple of 30?
False
Is 30528 a multiple of 12?
True
Is 690 a multiple of 15?
True
Is 64 a factor of 2484?
False
Is 6 a factor of 2616?
True
Is 653 a multiple of 2?
False
Is 22 a factor of 52404?
True
Is 47 a factor of 346?
False
Is 15 a factor of 707?
False
Is 5 a factor of 9499?
False
Does 33 divide 669?
False
Is 55748 a multiple of 181?
True
Is 25967 a multiple of 119?
False
Does 21 divide 344?
False
Is 20077 a multiple of 47?
False
Is 19 a factor of 1368?
True
Is 3434 a multiple of 33?
False
Does 32 divide 6115?
False
Does 85 divide 1681?
False
Is 224 a multiple of 16?
True
Is 138 a factor of 3702?
False
Is 30 a factor of 6125?
False
Is 45 a factor of 44280?
True
Is 57 a multiple of 5?
False
Does 96 divide 1062?
False
Is 27 a factor of 2397?
False
Is 863 a multiple of 22?
False
Is 48 a factor of 552?
False
Does 21 divide 3486?
True
Is 1204 a multiple of 72?
False
Is 20396 a multiple of 95?
False
Does 8 divide 955?
False
Is 125049 a multiple of 23?
False
Is 26 a factor of 4810?
True
Does 13 divide 988?
True
Is 31 a factor of 1763?
False
Is 31893 a multiple of 17?
False
Is 194 a factor of 137435?
False
Does 76 divide 1217?
False
Is 121 a factor of 3168?
False
Does 48 divide 1515?
False
Is 44 a factor of 1012?
True
Is 5 a factor of 395?
True
Is 16 a factor of 816?
True
Is 195 a factor of 46995?
True
Does 319 divide 97070?
False
Is 12 a factor of 3673?
False
Does 12 divide 753?
False
Is 4 a factor of 398?
False
Is 225 a factor of 27225?
True
Is 7416 a multiple of 18?
True
Is 2286 a multiple of 33?
False
Does 37 divide 5587?
True
Does 30 divide 16590?
True
Is 18 a factor of 574?
False
Is 15870 a multiple of 15?
True
Does 8 divide 518?
False
Is 16 a factor of 1409?
False
Is 180 a multiple of 6?
True
Is 60 a factor of 1746?
False
Is 14 a factor of 726?
False
Does 24 divide 63?
False
Does 23 divide 98556?
False
Does 50 divide 1900?
True
Is 2340 a multiple of 12?
True
Is 9 a factor of 4518?
True
Does 123 divide 14145?
True
Is 603 a multiple of 3?
True
Is 40 a factor of 880?
True
Is 67 a factor of 9313?
True
Is 70200 a multiple of 117?
True
Is 1405 a multiple of 12?
False
Is 84966 a multiple of 147?
True
Does 18 divide 26028?
True
Does 9 divide 1318?
False
Is 58585 a multiple of 9?
False
Does 15 divide 173?
False
Does 22 divide 364?
False
Is 17 a factor of 377?
False
Is 6 a factor of 2469?
False
Does 84 divide 24108?
True
Does 10 divide 2633?
False
Is 2616 a multiple of 14?
False
Does 18 divide 142?
False
Is 198 a multiple of 18?
True
Is 576 a multiple of 18?
True
Is 9 a factor of 63?
True
Is 12 a factor of 37043?
False
Is 6420 a multiple of 10?
True
Does 15 divide 119?
False
Is 2337 a multiple of 41?
True
Is 13 a factor of 546?
True
Is 4 a factor of 2824?
True
Does 39 divide 201?
False
Is 4797 a multiple of 117?
True
Is 9 a factor of 189?
True
Does 102 divide 3577?
False
Is 15 a factor of 3000?
True
Does 13 divide 6843?
False
Is 20135 a multiple of 86?
False
Does 7 divide 1492?
False
Is 1265 a multiple of 11?
True
Does 8 divide 90181?
False
Is 44531 a multiple of 19?
False
Does 7 divide 3612?
True
Is 1677 a multiple of 55?
False
Is 53 a multiple of 8?
False
Is 22 a factor of 493?
False
Is 9 a factor of 12420?
True
Does 12 divide 218?
False
Is 6 a factor of 8967?
False
Is 29664 a multiple of 46?
False
Is 15677 even?
False
Is 275 a multiple of 11?
True
Is 20548 a multiple of 64?
False
Is 91 a factor of 2248?
False
Is 126 a multiple of 6?
True
Does 50 divide 29550?
True
Is 189 a factor of 12446?
False
Does 49 divide 54586?
True
Is 170342 a multiple of 25?
False
Is 37 a factor of 9176?
True
Is 1320 a multiple of 74?
False
Is 8 a factor of 1720?
True
Is 6132 a multiple of 73?
True
Does 5 divide 11775?
True
Does 7 divide 9053?
False
Is 772 a multiple of 2?
True
Is 4289 a multiple of 21?
False
Is 29 a factor of 4814?
True
Is 94003 a multiple of 51?
False
Is 220 a multiple of 22?
True
Does 26 divide 416?
True
Is 301 a multiple of 5?
False
Is 384 a multiple of 96?
True
Is 3015 a multiple of 15?
True
Does 169 divide 3927?
False
Is 25 a factor of 1350?
True
Is 55 a factor of 3685?
True
Does 13 divide 91?
True
Does 5 divide 395?
True
Is 9666 even?
True
Is 55 a factor of 16150?
False
Is 722 a multiple of 47?
False
Is 5346 a multiple of 66?
True
Is 5790 a multiple of 51?
False
Is 18286 a multiple of 446?
True
Is 2033 a multiple of 23?
False
Is 30 a factor of 3480?
True
Is 991 a multiple of 20?
False
Does 16 divide 2122?
False
Is 1014 a multiple of 26?
True
Does 4 divide 31219?
False
Is 414 a multiple of 23?
True
Does 5 divide 178?
False
Does 124 divide 3720?
True
Is 140 a factor of 63775?
False
Is 49647 a multiple of 67?
True
Is 1332 a multiple of 18?
True
Does 11 divide 703?
False
Is 239 a factor of 70505?
True
Does 10 divide 9356?
False
Is 2808 a multiple of 132?
False
Does 86 divide 4433?
False
Does 29 divide 73370?
True
Does 48 divide 19488?
True
Is 61 a factor of 13492?
False
Does 234 divide 3276?
True
Is 15379 a multiple of 114?
False
Does 7 divide 10209?
False
Is 3782 a multiple of 19?
False
Is 80 a multiple of 40?
True
Does 26 divide 2065?
False
Is 66060 a multiple of 87?
False
Is 888 a multiple of 24?
True
Does 8 divide 27581?
False
Is 780 a multiple of 6?
True
Does 85 divide 4675?
True
Is 67 a factor of 24790?
True
Is 24 a factor of 21076?
False
Is 6 a factor of 5550?
True
Does 32 divide 5931?
False
Is 864 a multiple of 89?
False
Is 17143 a multiple of 79?
True
Is 20 a factor of 6920?
True
Is 1478 a multiple of 69?
False
Does 19 divide 3260?
False
Does 24 divide 652?
False
Is 61 a factor of 1472?
False
Is 247 a factor of 22299?
False
Does 18 divide 522?
True
Is 40 a factor of 11440?
True
Does 78 divide 31356?
True
Does 96 divide 6788?
False
Does 9 divide 3176?
False
Does 177 divide 7257?
True
Is 128 a multiple of 23?
False
Is 64 a factor of 3077?
False
Does 12 divide 35741?
False
Is 136 a factor of 1094?
False
Is 900 a multiple of 50?
True
Does 43 divide 6106?
True
Is 122 a factor of 1134?
False
Does 22 divide 30800?
True
Does 19 divide 19089?
False
Is 1040 a multiple of 80?
True
Is 19 a factor of 1159?
True
Is 95 a factor of 498?
False
Is 924 a multiple of 66?
True
Does 6 divide 3204?
True
Does 11 divide 1056?
True
Is 2688 a multiple of 84?
True
Does 19 divide 12707?
False
Is 55 even?
False
Does 18 divide 540?
True
Is 59 even?
False
Is 49 a factor of 784?
True
Is 23 a factor of 11534?
False
Is 16 a factor of 1168?
True
Does 44 divide 6436?
False
Is 1778 a multiple of 122?
False
Is 9 a factor of 2027?
False
Does 23 divide 6601?
True
Is 5100 a multiple of 50?
True
Is 6380 a multiple of 58?
True
Does 48 divide 55822?
False
Is 2 a factor of 54?
True
Does 8 divide 41160?
True
Is 986 a multiple of 21?
False
Is 15 a factor of 7595?
False
Is 40 a factor of 848?
False
Does 14 divide 13853?
False
Is 2 a factor of 26?
True
Does 10 divide 5618?
False
Does 13 divide 11245?
True
Is 559 a multiple of 12?
False
Is 11 a factor of 145358?
False
Is 103 a factor of 4425?
False
Is 721 a multiple of 34?
False
Does 123 divide 27181?
False
Does 3 divide 151?
False
Does 78 divide 4367?
False
Does 16 divide 345?
False
Is 4905 a multiple of 7?
False
Is 56577 a multiple of 114?
False
Does 126 d